
2, 3
Let w = 184 + -174. Suppose 2*g - w = 0, 6*g - 3*g = -4*k + 299. List the prime factors of k.
71
Let y = 135 + -139. Let b be 6*1*y/(-8). Suppose 6*c = b*c + 402. What are the prime factors of c?
2, 67
Suppose -7*b + 25*b = -24822. Let g = -885 - b. What are the prime factors of g?
2, 13, 19
Suppose 190 = 18*z - 8. Suppose -4*g + z*g = 2576. List the prime factors of g.
2, 23
Let r(k) be the first derivative of -1/3*k**3 + 25/2*k**2 - 6 + 36*k. List the prime factors of r(12).
2, 3
Suppose 20266 = 2*r - 2*c, 86*r - 3*c - 20260 = 84*r. List the prime factors of r.
10139
Let s = 333 + -342. What are the prime factors of ((-6)/s)/(9/2754)?
2, 3, 17
Let f be 38/(-3)*114/(-76). Suppose -6964 = -5*r + 21*p - f*p, -p + 2791 = 2*r. List the prime factors of r.
2, 17, 41
Suppose -w + 37*w + 15651 = 864351. What are the prime factors of w?
5, 23, 41
Let c(j) = j**3 + 3*j**2 - 3*j - 35. Let z be c(15). Suppose 10*o - 2700 - z = 0. List the prime factors of o.
23, 29
Let m(f) = -52 - 2 - 39*f**2 - f**3 + 26*f + 9*f**2. List the prime factors of m(-32).
2, 7, 83
Suppose -5*y - 50 = -65. Suppose 5*r = -z + 274, y*z - 4*z - r = -294. List the prime factors of z.
13, 23
Let h(z) = 26*z + 76. Let g be h(-5). What are the prime factors of (6/g - (-21980)/18)*1?
3, 11, 37
Suppose -137 = -14*l - 39. Let t(u) = -13*u + 9*u + u**2 + 1 + 11. What are the prime factors of t(l)?
3, 11
Let w(p) = p**2 - 3*p - 11. Let l(s) = s**3 - 11*s**2 + 5. Let n be l(11). Let c be w(n). List the prime factors of ((-12)/15)/c - 756/(-5).
2, 19
List the prime factors of (8 + -6)*(-6)/4 + 5795.
2, 181
Let g(j) = -189*j**3 + 17*j**2 + 44*j - 18. What are the prime factors of g(-3)?
2, 3, 23, 37
Let u(k) = 149*k - 2132. List the prime factors of u(67).
3, 2617
Suppose 16*y - 143009 = 54879. List the prime factors of y.
2, 773
Suppose -3*m + 34512 = 3*t, 5*m - 98 + 88 = 0. List the prime factors of t.
2, 3, 71
Let f(c) = 13*c**2 + 20*c + 116. List the prime factors of f(18).
2, 293
Let w(c) = 4*c**2 + 5*c + 186. Let r = 416 - 427. What are the prime factors of w(r)?
3, 5, 41
Suppose 0 = -74*o - 27*o + 4005054. List the prime factors of o.
2, 3, 2203
Suppose 4*m + 2*i = i + 29, -33 = -3*m + 3*i. Let k be 38/8*(-6 + 7)*m. Suppose 5*d + k = 568. What are the prime factors of d?
2, 53
Let r(n) = 28*n**2 - 36*n + 357. List the prime factors of r(15).
3, 2039
Let w(d) = d - 11. Let h be w(14). Suppose h*x + 25 = 100. Let q = x + 19. What are the prime factors of q?
2, 11
Let d(f) = -60*f**2 - 2. Let q be d(-1). Suppose -2*h - 103 = -581. Let n = q + h. What are the prime factors of n?
3, 59
Suppose 27*s - 20 = 22*s. Suppose -8*z + 6*z + 1178 = s*k, -k + z = -299. List the prime factors of k.
2, 37
Suppose 943990 - 196381 = 107*l. What are the prime factors of l?
3, 17, 137
Let s = -993 - -1547. Suppose s = 2*x + 4*a, 0 = 5*x - 3*a - 549 - 797. What are the prime factors of x?
271
Let c(x) = -305*x + 986. What are the prime factors of c(-9)?
7, 13, 41
Let t(h) = -54*h. Let b be t(1). List the prime factors of (-18)/b + 1079/3.
2, 3, 5
Let q = 11 - 24. Let s(g) = -2*g**3 - 26*g**2 - 6*g - 26. What are the prime factors of s(q)?
2, 13
Suppose 31*y = 34*y - 2*s - 125, -y + 46 = -5*s. Let n be (-9558)/(-66) + (-4)/(-22). Let k = n + y. List the prime factors of k.
2, 3, 31
Suppose 2*m = 5971 + 2863. List the prime factors of m*7/(-2)*(-52)/637.
2, 631
Let a(o) = 23*o**2 + 67*o - 690. What are the prime factors of a(-35)?
2, 3, 5, 419
Let c = -4944 - -7346. List the prime factors of c.
2, 1201
Let g(h) = 3*h + 32. Let b be g(-10). Suppose -b*k - 642 = -3*x, -x - 2*k = -0*x - 222. What are the prime factors of x?
2, 3
Let k be ((-217)/(-21))/((-2)/(-30)). Suppose -2220 = k*f - 160*f. What are the prime factors of f?
2, 3, 37
Suppose -3*y - 5*j + 3*j = -12, -j = -3*y + 3. Let g(d) = 26*d + 17 - 40*d + 2*d**y + 22*d. List the prime factors of g(-8).
3
Let y(v) = -v**2 - 4*v + 8. Let l be y(-6). Let n be (3/l)/((-6)/16). Suppose n*a + 4 = 14. List the prime factors of a.
5
Suppose 12*l - 1190 = 1990. List the prime factors of l.
5, 53
Suppose 0 = -2*t + 2*c + 21528, 4*t + 9*c = 10*c + 43047. What are the prime factors of t?
3, 17, 211
Let m = 66912 + -46533. List the prime factors of m.
3, 6793
Let p = 384 - 382. Suppose 0 = u + 4*o - 136, 3*u - p*o - 2*o = 456. What are the prime factors of u?
2, 37
Let s = 11856 + -2361. List the prime factors of s.
3, 5, 211
Suppose -5*d = 32*f - 30*f - 6, -f + d - 4 = 0. Let z(x) = 287*x**2 + x + 5. List the prime factors of z(f).
1151
Suppose 3*x = 3*r + 66, -48 = -13*r + x - 298. Let f(t) = -11 - 9*t - 40 - 3*t. What are the prime factors of f(r)?
3, 59
What are the prime factors of (1642 - 6)*(-306)/(-288)*8?
2, 17, 409
Suppose -5*h + 16330 = 3*s, -4*s - 7*h + 3*h + 21776 = 0. List the prime factors of s.
3, 5, 11
List the prime factors of (638/154)/29 - (91657/(-7) + 1).
13093
Suppose 28*o + 595 = 21*o. Let y = -72 - o. Suppose y*b + b - 532 = 0. What are the prime factors of b?
2, 19
Suppose 1006256 - 3606911 = 14*g - 295*g. What are the prime factors of g?
3, 5, 617
Suppose -375 - 45 = -6*d. Suppose -11*a + d = -4*a. Suppose -a*k = -8*k - 30. List the prime factors of k.
3, 5
Let j = 1750 + -883. Let s = j - 267. List the prime factors of s.
2, 3, 5
Suppose 15*f = 20*f - 16660. List the prime factors of f.
2, 7, 17
Let c(m) = 379*m**2 + 226*m. List the prime factors of c(9).
3, 3637
What are the prime factors of ((-24040980)/(-80))/(-23)*8/(-3)?
2, 3, 5807
Suppose -12*u - 3*a = -16*u + 8133, 3*u - 2*a - 6100 = 0. What are the prime factors of u?
2, 3, 113
Suppose -8*t = -43737 - 543. Suppose -4428 = -4*n - 3*u, 5*n = -21*u + 20*u + t. List the prime factors of n.
3, 41
Suppose 0 = 3*j - 41 + 14. Suppose 0 = 4*x - j*x + 265. What are the prime factors of (-6)/4*12/9 + x?
3, 17
Let a be 2/8*(2 - -26). Suppose -a*h + 6*h + 102 = 0. What are the prime factors of h?
2, 3, 17
Suppose -37*u = -48*u + 97471. List the prime factors of u.
8861
Let h = -12721 + 22507. List the prime factors of h.
2, 3, 7, 233
List the prime factors of 87068*3/15*(423/36 - 8).
3, 21767
Let x(k) = k**3 + 5*k**2 + 5*k + 10. Let p be x(-4). Suppose 13 = p*z + 1. Suppose -6*v = -z*v - 96. What are the prime factors of v?
2, 3
Let f be 2 + (-10)/(-14) + (-4)/(-14). Suppose -4*b + n = 81, f*b - 2*b = n - 18. What are the prime factors of 2/(6/(-13))*b?
7, 13
Let r(l) = -7*l**3 + 3*l**2 - 3*l - 29. Let w be r(-7). Suppose -4*k - w = -14*k. What are the prime factors of k?
2, 127
Suppose -17 = 2*m - 83. Let q(n) = 76*n - m - 85*n - 6. List the prime factors of q(-13).
2, 3, 13
Let s be 3/9 - 64/12. Let z(j) = -j**2 - 2*j + 6. Let c(h) = -h**2 - 5*h + 13. Let i(v) = s*z(v) + 3*c(v). What are the prime factors of i(6)?
3, 17
Let z = -32278 + 58110. What are the prime factors of z?
2, 3229
Let q = 305 - 301. Suppose -q*r - 700 = -14*r. List the prime factors of r.
2, 5, 7
Suppose -23*g + 73773 = 34811. What are the prime factors of g?
2, 7, 11
Let b(c) = c + 1 + 19 + 18*c. Suppose -3*t - 15 = -y, 0 = -6*y + 4*y + t + 15. What are the prime factors of b(y)?
2, 67
Suppose -90 = 5*b + 4*b. List the prime factors of b*2/(-5) + 425 + 0.
3, 11, 13
What are the prime factors of ((-30)/8)/(180/(-21360))?
5, 89
Suppose -8784 = -10*n + 4*n. Suppose -156 = 3*t - n. What are the prime factors of t?
2, 109
Let g(z) = 2*z**3 + 7*z**2 - z + 61. Let m be g(6). Suppose 3*d + m - 2653 = -5*k, 5*d + 5*k - 3190 = 0. What are the prime factors of d?
2, 11, 29
Suppose y - 8*k = -5*k + 3829, -3*y + 2*k + 11494 = 0. What are the prime factors of y?
2, 479
Suppose -12*t + 17*t = -2*g + 12, 2*g = 3*t - 20. Let h be -5*(16/10 + -2). List the prime factors of 158 + (-5 - 2/(g + h)).
2, 7, 11
Let w(c) = -c**3 - 2*c**2 + 2*c + 3. Let j be w(-2). Let l be j*(-8)/((-40)/(-105)). Suppose -l*h = -22*h + 14. List the prime factors of h.
2, 7
Let y = 37709 - 16109. Suppose 0 = -11*r + 31*r - y. List the prime factors of r.
2, 3, 5
Let d(q) = -877*q + 54. Let l(u) = 878*u - 51. Let i(n) = 5*d(n) + 6*l(n). List the prime factors of i(1).
7, 11
Let h(r) = 136*r**2 - r - 131. What are the prime factors of h(-13)?
2, 3, 37, 103
Let q(u) = 440*u + 637. List the prime factors of q(78).
13, 2689
Suppose 2*d + 20 = 7*d. Let z(x) = d